 of 4692325?
2
What is the hundreds digit of 16123214?
2
What is the hundred thousands digit of 741809?
7
What is the ten thousands digit of 2135004?
3
What is the ten thousands digit of 183976?
8
What is the millions digit of 1450801?
1
What is the thousands digit of 11952075?
2
What is the units digit of 279306?
6
What is the hundred thousands digit of 209008?
2
What is the tens digit of 4904113?
1
What is the tens digit of 419256?
5
What is the hundreds digit of 28096903?
9
What is the units digit of 130546?
6
What is the hundred thousands digit of 3108052?
1
What is the tens digit of 113595?
9
What is the millions digit of 1843255?
1
What is the thousands digit of 10519403?
9
What is the hundred thousands digit of 194969?
1
What is the units digit of 369327?
7
What is the thousands digit of 4259128?
9
What is the units digit of 22885856?
6
What is the tens digit of 336990?
9
What is the hundred thousands digit of 622013?
6
What is the hundred thousands digit of 1325968?
3
What is the hundreds digit of 382301?
3
What is the tens digit of 1698197?
9
What is the ten thousands digit of 14832?
1
What is the thousands digit of 40522?
0
What is the millions digit of 20281123?
0
What is the millions digit of 9548954?
9
What is the hundreds digit of 137288?
2
What is the tens digit of 324007?
0
What is the hundred thousands digit of 987753?
9
What is the ten thousands digit of 3926949?
2
What is the hundreds digit of 345301?
3
What is the units digit of 317850?
0
What is the units digit of 2178988?
8
What is the hundreds digit of 570474?
4
What is the thousands digit of 596163?
6
What is the tens digit of 14905644?
4
What is the units digit of 10591?
1
What is the units digit of 20691994?
4
What is the units digit of 21763978?
8
What is the tens digit of 4869049?
4
What is the thousands digit of 1676374?
6
What is the units digit of 1439638?
8
What is the thousands digit of 126374?
6
What is the thousands digit of 63778?
3
What is the thousands digit of 265522?
5
What is the millions digit of 23099970?
3
What is the ten thousands digit of 9157384?
5
What is the tens digit of 4535421?
2
What is the units digit of 645653?
3
What is the millions digit of 1451195?
1
What is the units digit of 92631?
1
What is the tens digit of 2875144?
4
What is the units digit of 64726?
6
What is the hundred thousands digit of 801898?
8
What is the tens digit of 5422400?
0
What is the hundreds digit of 151530?
5
What is the hundreds digit of 142699?
6
What is the hundred thousands digit of 2298058?
2
What is the hundred thousands digit of 207822?
2
What is the tens digit of 171915?
1
What is the ten thousands digit of 476496?
7
What is the tens digit of 2305092?
9
What is the ten thousands digit of 2328666?
2
What is the hundred thousands digit of 12230975?
2
What is the thousands digit of 4649097?
9
What is the millions digit of 1221438?
1
What is the thousands digit of 4266412?
6
What is the hundred thousands digit of 5080304?
0
What is the hundreds digit of 428076?
0
What is the millions digit of 1087698?
1
What is the hundred thousands digit of 299588?
2
What is the ten thousands digit of 2363837?
6
What is the units digit of 10049958?
8
What is the units digit of 104766?
6
What is the hundreds digit of 807780?
7
What is the hundreds digit of 143679?
6
What is the tens digit of 3040633?
3
What is the millions digit of 22361904?
2
What is the hundreds digit of 296981?
9
What is the hundreds digit of 919102?
1
What is the thousands digit of 7549727?
9
What is the hundreds digit of 2343677?
6
What is the ten thousands digit of 221390?
2
What is the thousands digit of 38975?
8
What is the thousands digit of 467302?
7
What is the ten thousands digit of 431889?
3
What is the hundreds digit of 225051?
0
What is the ten millions digit of 14636839?
1
What is the units digit of 1565068?
8
What is the tens digit of 34108?
0
What is the units digit of 3180652?
2
What is the hundreds digit of 25826?
8
What is the hundred thousands digit of 479838?
4
What is the units digit of 1341979?
9
What is the hundred thousands digit of 470769?
4
What is the hundred thousands digit of 3377467?
3
What is the hundred thousands digit of 5730717?
7
What is the ten thousands digit of 58333?
5
What is the hundred thousands digit of 1489419?
4
What is the hundreds digit of 1117956?
9
What is the thousands digit of 47007?
7
What is the thousands digit of 989030?
9
What is the hundreds digit of 5858548?
5
What is the ten thousands digit of 77290?
7
What is the units digit of 7369952?
2
What is the ten millions digit of 14670002?
1
What is the millions digit of 6257583?
6
What is the thousands digit of 1465994?
5
What is the thousands digit of 31779?
1
What is the hundred thousands digit of 283841?
2
What is the thousands digit of 137069?
7
What is the tens digit of 104215?
1
What is the units digit of 1970636?
6
What is the ten millions digit of 12407624?
1
What is the thousands digit of 5214?
5
What is the tens digit of 6561555?
5
What is the hundreds digit of 2297727?
7
What is the hundred thousands digit of 453877?
4
What is the hundred thousands digit of 527489?
5
What is the tens digit of 1272378?
7
What is the ten millions digit of 12900033?
1
What is the units digit of 186510?
0
What is the units digit of 138283?
3
What is the units digit of 2065417?
7
What is the hundred thousands digit of 9244183?
2
What is the units digit of 4566378?
8
What is the ten thousands digit of 146895?
4
What is the hundreds digit of 8168081?
0
What is the tens digit of 201084?
8
What is the ten millions digit of 16352099?
1
What is the ten thousands digit of 436798?
3
What is the hundred thousands digit of 1279564?
2
What is the hundred thousands digit of 9059017?
0
What is the hundred thousands digit of 1474927?
4
What is the tens digit of 1112074?
7
What is the hundreds digit of 575616?
6
What is the units digit of 1565080?
0
What is the hundred thousands digit of 2016442?
0
What is the hundred thousands digit of 1329750?
3
What is the units digit of 169073?
3
What is the hundreds digit of 5184395?
3
What is the hundred thousands digit of 7946082?
9
What is the units digit of 8415969?
9
What is the millions digit of 2958793?
2
What is the hundred thousands digit of 208524?
2
What is the ten thousands digit of 127473?
2
What is the units digit of 41242?
2
What is the units digit of 1599039?
9
What is the hundred thousands digit of 11017028?
0
What is the hundreds digit of 253365?
3
What is the hundreds digit of 944952?
9
What is the ten thousands digit of 1209581?
0
What is the hundred thousands digit of 596614?
5
What is the ten thousands digit of 172993?
7
What is the thousands digit of 1768398?
8
What is the hundreds digit of 329541?
5
What is the hundred thousands digit of 8544084?
5
What is the ten thousands digit of 34788?
3
What is the thousands digit of 569417?
9
What is the millions digit of 8515011?
8
What is the units digit of 1673645?
5
What is the units digit of 27870?
0
What is the units digit of 214377?
7
What is the thousands digit of 707441?
7
What is the thousands digit of 446101?
6
What is the millions digit of 3225565?
3
What is the units digit of 2029853?
3
What is the hundreds digit of 7858483?
4
What is the units digit of 310593?
3
What is the tens digit of 2977603?
0
What is the hundreds digit of 6296333?
3
What is the millions digit of 5658966?
5
What is the thousands digit of 403059?
3
What is the tens digit of 5874583?
8
What is the thousands digit of 473288?
3
What is the hundreds digit of 1403318?
3
What is the hundreds digit of 1476045?
0
What is the units digit of 2411787?
7
What is the hundreds digit of 391432?
4
What is the tens digit of 34196084?
8
What is the hundred thousands digit of 446396?
4
What is the units digit of 563413?
3
What is the tens digit of 386529?
2
What is the units digit of 182465?
5
What is the tens digit of 968506?
0
What is the thousands digit of 1604864?
4
What is the tens digit of 727507?
0
What is the thousands digit of 135281?
5
What is the hundreds digit of 9463867?
8
What is the hundreds digit of 1635447?
4
What is the units digit of 7775986?
6
What is the hundreds digit of 315753?
7
What is the millions digit of 3801366?
3
What is the tens d